ppose 0 = -2*c + 2*j + 4, -15 = -2*c - 2*j - 3. Let z(i) = -8*i - 4 - 2*i**3 + 3*i**2 + i**3 + 13*i - 1. What is z(c)?
-1
Suppose 18*q = 13*q - 15. Let v(t) = t**3 + 3*t**2 + t + 4. What is v(q)?
1
Let a(w) = -5*w + 1. Let o(q) = 2*q - 1. Let i(m) = 3*a(m) + 7*o(m). Let j(c) = c**2 + 6*c + 5. Let s be j(-5). What is i(s)?
-4
Let m be 0*((-2)/4)/(-1). Suppose -2*g - 32 = -5*g - 4*w, m = -3*g + 5*w - 13. Let c(j) = -j**3 + g*j - 5 - j**3 + j**3 + 4*j**2. Calculate c(4).
11
Let x(t) = -t - 33 - 3*t + 32 + 5*t. Calculate x(-7).
-8
Suppose -5*b + 2*f - 7*f = 25, 4*f + 20 = 0. Let o(i) = -i**3 - i + 10. What is o(b)?
10
Let n(v) be the second derivative of 0 - 7/20*v**5 - 9*v + 1/6*v**3 + 1/2*v**2 + 1/12*v**4. Let u be 18/(-14) + (-4)/(-14). What is n(u)?
8
Let k(l) be the first derivative of l**3/3 + 3*l**2/2 + l - 7. Calculate k(-3).
1
Suppose 3 = 2*c + k - 4, -4*c - k = -9. Let p(f) = 16*f + 1. Calculate p(c).
17
Let i(o) = -2*o**2 + o + 1. Let p(m) = -m - 2. Let x be p(-3). Let b = x + 1. Suppose -w - b*w = -c - 1, -3*w - 3 = -3*c. What is i(c)?
-5
Suppose -3*t = -5 - 7. Let h(y) = -y**3 + 4*y**2 + y - 3. Let u be h(t). Let g(r) = -6*r**3 + r**2 - 2*r + 1. What is g(u)?
-6
Let q(v) = -10*v + 13. Let l(d) = 3*d - 4 + 5*d - 5*d. Let n(s) = -7*l(s) - 2*q(s). Suppose -4*t - 3*k = -17, 0*k = -2*k + 6. Determine n(t).
0
Let z(g) = -g**3 + 8*g**2 - 9*g - 18. Let o be z(6). Let f(x) = -x**3 + x**2 - x - 1. Calculate f(o).
-1
Let l(d) = 2*d**3 + 4*d**2 + 4*d + 4. Let f be l(-2). Let j(w) = 3*w. Determine j(f).
-12
Let p(o) be the second derivative of o**4/6 + o**3/2 - o**2 + 2*o. Suppose 9*f - 20 = 4*f. Suppose l + 4*h - 9 = 0, 8 = 2*l + f*h + 2. Give p(l).
7
Let i(c) = -c**2 + 5*c - 2. Let s(g) = 4*g. Let r be s(1). Suppose w - 2 = -z + 2, -z + r*w = 1. What is i(z)?
4
Suppose -2 = 3*w - 5*s + 1, s - 3 = w. Let t(p) = -p - 12. Give t(w).
-6
Let a(n) = n**3 + 3*n**2 - 5*n - 2. Let x be 23/3*(-18)/(-2). Let z = x - 49. Suppose 4*o = -o - z. Calculate a(o).
2
Let d(f) be the third derivative of f**6/120 - 2*f**5/15 + f**4/24 - 4*f**3/3 - 15*f**2. Determine d(8).
0
Let m(v) be the third derivative of v**5/30 - v**4/24 - 2*v**3/3 + 10*v**2. Give m(3).
11
Suppose -2*t = -7*t - 5. Let l be t - (-1 - 2)*2. Let v(q) = 1 + l - 2*q + 3*q. Determine v(0).
6
Let t(s) = 2*s - 2. Let q(z) = -6*z - 6. Let l be q(-2). Calculate t(l).
10
Let w(r) = -4*r + 2. Let d be (8/20)/((-4)/(-20)). Calculate w(d).
-6
Let m be ((-9)/(-6))/((-1)/(-2)). Let q(o) = -2 - 3*o**3 + m - 3*o**3. Calculate q(-1).
7
Let x(u) be the third derivative of -3*u**4/8 - 3*u**3/2 + 4*u**2. Let b(y) = 8*y + 8. Let f(i) = 7*b(i) + 6*x(i). Calculate f(2).
6
Let o(j) = j**2 - 1. Let r(b) = -8*b + 2*b**2 - 5 - 2 + 0*b**2. Let t(k) = 3*o(k) - r(k). Determine t(-5).
-11
Let i be (4/(-8))/(2/12). Let z = i - -1. Let g = 3 + z. Let l(s) = -s**2 + s - 1. Determine l(g).
-1
Let b(p) be the third derivative of 1/24*p**4 + 0*p - 7*p**2 - 1/2*p**3 + 0. Calculate b(6).
3
Let h(w) = -3*w + 5. Let l(o) = -o + 2. Let v(p) = 4*h(p) - 11*l(p). Suppose -4*a + 2*a = -5*m + 28, 3*m - 12 = 0. Determine v(a).
2
Let b(d) = -d**3 - 6*d**2 - 8*d - 6. Let o(l) = -l + 3. Let v be o(8). Determine b(v).
9
Let a(w) be the second derivative of -w**4/12 + 5*w**3/6 + w**2/2 - 3*w. Suppose 18 = 4*m - m. Calculate a(m).
-5
Let v be (1/(-1))/(3 - 2). Let z(w) = 3*w + 5. Let m(n) = -n - 1. Let u(c) = 15*m(c) + 3*z(c). Determine u(v).
6
Suppose -2*g + 4 = 4*o, -15 = 3*g - 3. Let z(m) = -6 - 6 + o - m + 2. Give z(-5).
-2
Suppose -p + 3 = 5. Let v be 1/3 - 15/(-9). Let w = v + p. Let c(x) = x**3 - x**2 + x - 5. Give c(w).
-5
Let m(y) be the first derivative of y**3/3 + 7*y**2/2 + 2*y + 15. What is m(-6)?
-4
Let k(s) = 1. Let t = 0 - -1. Let w(j) = 5*j - 7. Let u(x) = t*w(x) + 4*k(x). Suppose 2*v = 4*f - 10, -5*f + 5*v = 2*v - 13. What is u(f)?
7
Let u(a) = -a - 2. Let r be u(-7). Let t(j) = 5*j + 2 - r*j**2 - 3 + 4*j**2. Let l = 8 + -4. What is t(l)?
3
Let g(v) = -v**3 + v**2 + 3*v + 1. Suppose -5 = -k - 1. Let c(j) = -j + 6. Let i be c(6). Suppose k*o - 3 + 11 = i. Calculate g(o).
7
Let i = 2 + -12. Let y(m) = m**2 + 10*m - 5. Give y(i).
-5
Let k(g) be the third derivative of -g**6/120 + g**5/60 + g**4/24 - g**3/3 - 173*g**2. Let x(o) = -o**2 - 7*o - 8. Let j be x(-6). What is k(j)?
8
Let r = -1 + 0. Let v(w) be the second derivative of w**4/12 - w**3/6 - w**2/2 - 12*w. Let m(x) = -3*x**2 - x - 1. Let k(b) = m(b) - 2*v(b). Determine k(r).
-5
Let d(u) = u**3 - 4*u**2 + u + 2. Suppose -2*s + 2*r + 6 = 0, 0*s - 12 = -4*s + r. Suppose g + s*g = 0. Let l be 1*2*(2 - g). Calculate d(l).
6
Let j(h) = 2*h**2 + 3*h - 3. Let p(a) = -a + 6. Let t be p(7). Let c = -2 + t. Calculate j(c).
6
Let a(w) be the first derivative of w**4/6 - 3*w**2/2 - 3. Let n(h) be the second derivative of a(h). Let m = -1 - 0. Give n(m).
-4
Let z(d) = 8*d - 8 - d - d**2 + 7. What is z(7)?
-1
Let j(o) be the third derivative of o**6/120 - o**5/60 - o**4/24 + 5*o**3/6 + 6*o**2. What is j(0)?
5
Let o(q) = -q**3 + 9*q**2 + 14*q + 2. Let s be o(10). Let f be ((-4)/2)/(2/(-3)). Let m(g) = -3*g + 4*g + 40*g**2 - g**f - 4 - s*g**2. Determine m(-3).
2
Let m(u) be the third derivative of -2*u**2 - 1/120*u**6 + 0*u + 0 - u**3 + 1/10*u**5 - 1/6*u**4. Determine m(5).
-1
Let y be ((-3)/(-42))/(3 + 30/(-14)). Let h(t) be the third derivative of -t**2 - y*t**4 + 0*t**3 + 0*t + 0. Determine h(3).
-6
Let z(d) = -d**2 - 4*d + 6. Let q = 7 - 13. Give z(q).
-6
Let u(l) be the third derivative of -l**5/30 - l**4/24 + l**3/6 - l**2. What is u(-2)?
-5
Let c be (6 - 2)/((-2)/(-1)). Let d be 57/15 + 1/5. Let l(g) = c + d*g**2 - 5*g**2 - g**2. What is l(-2)?
-6
Suppose 2*w - 7*w - 5 = 0. Let o(a) = -a + 1. Let x(t) = t**2 + 3. Let l(b) = w*o(b) - x(b). Give l(0).
-4
Let a(m) = 6*m - 1. Let y be a(1). Let w(q) = -q**2 + 5*q + 5. What is w(y)?
5
Let c(y) = -9*y**2 + 4*y + 4. Let i(r) = 10*r**2 - 5*r - 5. Let a(p) = -5*c(p) - 4*i(p). Let l be 407/(-55) + 7 + (-6)/10. Calculate a(l).
5
Let u be -1*3 - 44/11. Let r(w) = -w**3 - 6*w**2 + 7*w + 5. Calculate r(u).
5
Let n(q) be the first derivative of -q**2/2 - 3*q - 2. Suppose 4*a + 3*o + 10 = 0, -a + 4*o - 24 = 3*a. Let f(x) = x + 1. Let c be f(a). Give n(c).
0
Let m(f) = 3*f**2 - 3*f + 2. Suppose -3*r = -4*r + 1. Let v be m(r). Let c(u) = -u**3 + 2*u**2 - 3*u + 2. Calculate c(v).
-4
Let l(n) = -n**2 - 3. Let s(z) = -z**2 + 3*z + 4. Let y = 2 + 0. Suppose y*o = -0*o + 8. Let j be s(o). Give l(j).
-3
Let h(n) = -n**3 - 5*n**2 - 2*n + 4. Let q be 15/(-10)*8/(-6). Suppose -3*g - q*g = 4*m, 5*g + 3*m + 5 = 0. Determine h(g).
-4
Let j(f) = 1. Suppose 0 = k - 2*k + 12. Suppose 4*y = y - k. Let i(t) = -t - 1. Let l(h) = y*j(h) + i(h). What is l(0)?
-5
Let c(a) = 2*a**2 - 17*a - 8. Let l(x) = 4*x**2 - 6*x - 3. Let d(n) = -7*n**2 + 12*n + 6. Let h(t) = 3*d(t) + 5*l(t). Let s(v) = -4*c(v) - 11*h(v). Give s(1).
4
Let w(z) be the third derivative of -2*z**4/3 - z**3/6 + 9*z**2. What is w(1)?
-17
Suppose -5*y - 15 = 2*n, 3*y - 3*n + 6 + 3 = 0. Let d(i) = 4*i**3 + 5*i**2 - i - 2. Let c(b) = -b**3. Let s(r) = y*c(r) - d(r). Give s(-5).
-3
Let m(t) = -3*t - 4 + 9 + 0 + t**2. Determine m(5).
15
Let v(n) = n**2 + n + 6. Let c be v(0). Let u(t) = -13*t - 8. Let o(q) = 7*q + 4. Let g(s) = c*u(s) + 11*o(s). Determine g(-5).
1
Let t be 16/2*(-1)/(-2). Suppose -3*n + u + 7 = -u, -3*u + 15 = t*n. Let w(k) = -k + 2*k + n - 2. Determine w(-5).
-4
Suppose -3*a = 2*w + 15, 3*a + 18 = 5*w + 3. Let n = 8 - 3. Let k(t) = -3*t + 4*t**3 - 5*t**3 + n*t**2 - 7 + 2*t**3. What is k(a)?
8
Let s be 1 - (-5)/(15/(-6)). Let l be -2*-2*s/4. Let r(c) = 6*c. Determine r(l).
-6
Let s(d) = 4 - 5*d**2 - d**2 + 7*d**2 - 4*d. Let k(v) = v**3 + 6*v**2 + 4*v - 1. Let u be k(-5). Calculate s(u).
4
Suppose 2*j - 12 = 6*j. Let w(i) = -i - 15. Let x(q) be the third derivative of -q**3/2 - q**2. Let y(o) = 2*w(o) - 11*x(o). Determine y(j).
9
Let s(b) = -5*b**2 + b - 2. Let p(y) = -4*y**2 - 1. Let c(r) = 4*p(r) - 3*s(r). What is c(-4)?
-2
Suppose 0 = -2*h - 2*h + 8. Let s = -6 - -8. Let v(y) = 3*y**s - y**3 + y - 4*y**2 - 2 + y + 3*y**2. Determine v(h).
2
Let s(j) = 4*j**2 - 3*j + 4. Let n(h) = 3*h**2 - 3*h + 4. Let p(d) = -7*n(d) + 6*s(d). What is p(-3)?
14
Let k(f) = 0 - f + 0 - 2. Let n be k(-6). Let d = 